ighest common factor of 4 and 114.
2
Calculate the greatest common divisor of 3122 and 14.
14
Calculate the highest common divisor of 130 and 143.
13
What is the greatest common divisor of 6063 and 141?
141
Calculate the greatest common factor of 7849 and 1169.
167
What is the greatest common factor of 33028 and 23?
23
What is the highest common divisor of 17400 and 3?
3
Calculate the highest common divisor of 265 and 159.
53
Calculate the highest common factor of 495 and 81.
9
Calculate the highest common factor of 1071 and 765.
153
What is the highest common divisor of 1 and 4?
1
What is the greatest common divisor of 42 and 25221?
21
Calculate the highest common divisor of 18 and 234.
18
What is the highest common divisor of 30 and 9?
3
What is the greatest common factor of 112 and 98?
14
What is the highest common factor of 1030 and 3502?
206
Calculate the greatest common factor of 714 and 6.
6
Calculate the highest common divisor of 2054 and 10.
2
Calculate the greatest common factor of 2443 and 112.
7
Calculate the greatest common divisor of 18 and 342.
18
What is the highest common divisor of 3596 and 232?
116
Calculate the greatest common factor of 672 and 1056.
96
Calculate the greatest common divisor of 434 and 28.
14
Calculate the greatest common factor of 203 and 493.
29
What is the greatest common factor of 24075 and 375?
75
Calculate the highest common factor of 85 and 391.
17
What is the highest common divisor of 300 and 12?
12
What is the greatest common factor of 3417 and 34?
17
What is the highest common divisor of 67012 and 44?
44
What is the greatest common divisor of 19 and 13?
1
What is the greatest common factor of 30 and 5850?
30
Calculate the highest common factor of 25 and 80.
5
What is the greatest common factor of 52 and 70?
2
Calculate the greatest common divisor of 3 and 7.
1
Calculate the highest common divisor of 221 and 26.
13
What is the greatest common divisor of 91 and 1586?
13
Calculate the greatest common divisor of 900 and 1300.
100
Calculate the greatest common divisor of 186 and 155.
31
Calculate the greatest common factor of 234 and 369.
9
Calculate the highest common divisor of 340 and 80.
20
Calculate the greatest common divisor of 519 and 3.
3
What is the greatest common factor of 15 and 865?
5
What is the greatest common factor of 147 and 98?
49
What is the greatest common divisor of 580 and 78010?
290
Calculate the highest common divisor of 75 and 285.
15
Calculate the highest common divisor of 39 and 247.
13
Calculate the greatest common factor of 87 and 9.
3
What is the greatest common divisor of 2014 and 530?
106
What is the greatest common factor of 935 and 11?
11
Calculate the highest common factor of 833 and 476.
119
What is the highest common factor of 19 and 3249?
19
What is the greatest common factor of 240 and 1020?
60
Calculate the greatest common factor of 29 and 3.
1
What is the highest common factor of 66 and 492?
6
What is the greatest common divisor of 6600 and 1584?
264
Calculate the greatest common factor of 42 and 162.
6
Calculate the highest common factor of 2560 and 70.
10
What is the greatest common divisor of 260 and 1664?
52
What is the highest common factor of 100 and 4700?
100
Calculate the highest common factor of 6370 and 2860.
130
Calculate the greatest common divisor of 180 and 8.
4
Calculate the greatest common divisor of 407 and 110.
11
Calculate the highest common divisor of 36 and 3114.
18
What is the greatest common divisor of 8175 and 75?
75
Calculate the greatest common factor of 39 and 65.
13
What is the greatest common factor of 113 and 5989?
113
Calculate the greatest common factor of 140 and 20.
20
What is the highest common factor of 1140 and 276?
12
Calculate the greatest common factor of 987 and 42.
21
What is the highest common divisor of 462 and 18?
6
What is the highest common factor of 10625 and 85?
85
Calculate the highest common factor of 45 and 105.
15
What is the greatest common factor of 69 and 1104?
69
What is the greatest common divisor of 2928 and 24?
24
What is the highest common factor of 344 and 8?
8
What is the greatest common divisor of 130 and 70?
10
What is the highest common divisor of 99 and 1903?
11
Calculate the greatest common factor of 5 and 43.
1
What is the highest common divisor of 128 and 848?
16
Calculate the greatest common divisor of 74 and 10.
2
Calculate the greatest common factor of 1284 and 12.
12
What is the greatest common factor of 81 and 18792?
81
What is the highest common factor of 2946 and 18167?
491
What is the greatest common factor of 30 and 130?
10
Calculate the greatest common divisor of 6683 and 1304.
163
What is the greatest common divisor of 16 and 51280?
16
Calculate the highest common factor of 9758 and 714.
238
Calculate the highest common factor of 80 and 1040.
80
What is the greatest common divisor of 378 and 36?
18
Calculate the greatest common factor of 49 and 7.
7
Calculate the greatest common factor of 24 and 642.
6
What is the highest common factor of 205 and 120?
5
Calculate the greatest common divisor of 219 and 51465.
219
What is the greatest common divisor of 18081 and 18?
9
Calculate the highest common divisor of 135 and 180.
45
What is the highest common divisor of 32 and 128?
32
What is the highest common factor of 372 and 12?
12
What is the greatest common factor of 22 and 77?
11
Calculate the greatest common divisor of 28 and 427.
7
What is the highest common divisor of 200 and 15?
5
What is the greatest common factor of 90 and 6?
6
Calculate the greatest common divisor of 27 and 702.
27
What is the greatest common factor of 32410 and 70?
70
Calculate the greatest common factor of 9 and 1224.
9
What is the highest common factor of 14 and 6020?
14
Calculate the greatest common divisor of 120 and 570.
30
Calculate the highest common factor of 3892 and 224.
28
What is the highest common factor of 230 and 46?
46
Calculate the greatest common divisor of 239 and 85801.
239
What is the greatest common divisor of 32747 and 26?
13
What is the highest common divisor of 561 and 44?
11
What is the highest common factor of 20 and 535?
5
Calculate the highest common divisor of 1850 and 4700.
50
What is the greatest common divisor of 4440 and 37?
37
Calculate the greatest common factor of 31 and 17763.
31
What is the greatest common factor of 153 and 765?
153
What is the greatest common factor of 4636 and 610?
122
What is the greatest common divisor of 26 and 494?
26
Calculate the highest common factor of 113 and 12.
1
What is the greatest common factor of 24 and 3032?
8
Calculate the greatest common divisor of 10 and 10.
10
What is the highest common divisor of 1298 and 2242?
118
What is the highest common factor of 8 and 200?
8
Calculate the greatest common divisor of 5782 and 1829.
59
What is the highest common factor of 3288 and 18?
6
Calculate the greatest common factor of 1040 and 640.
80
What is the highest common factor of 213 and 111?
3
Calculate the greatest common factor of 549 and 12993.
183
Calculate the highest common factor of 32 and 152.
8
Calculate the greatest common factor of 1 and 17.
1
Calculate the greatest common factor of 8 and 4552.
8
Calculate the greatest common divisor of 3556 and 98.
14
Calculate the greatest common divisor of 23 and 38364.
23
Calculate the greatest common divisor of 90 and 640.
10
Calculate the highest common factor of 28 and 12.
4
Calculate the highest common factor of 12724 and 4.
4
Calculate the highest common divisor of 29 and 493.
29
What is the greatest common factor of 42 and 5250?
42
What is the highest common factor of 4 and 19?
1
Calculate the highest common factor of 344 and 88.
8
What is the greatest common divisor of 128 and 4?
4
What is the highest common factor of 46 and 77694?
46
Calculate the highest common factor of 81 and 144.
9
What is the highest common divisor of 216 and 135?
27
What is the highest common divisor of 11 and 1111?
11
What is the highest common factor of 128 and 88?
8
Calculate the highest common factor of 364 and 104.
52
What is the greatest common factor of 825 and 975?
75
Calculate the greatest common factor of 72 and 192.
24
What is the greatest common divisor of 9 and 27?
9
What is the greatest common factor 